i(h) = -163*h**3 - h**2 - 2*h - 2. Let k be i(-1). Suppose a = 7*a + k. Let c = a + 38. What is the highest common divisor of c and 44?
11
Let g = 175 - 155. Calculate the highest common divisor of 260 and g.
20
Let j(x) = -x**3 - 18*x**2 + x - 3. Let y be j(-17). Let k be y/(-12) + (-24)/32. What is the highest common divisor of 25 and k?
25
Suppose 0 = 3*m + 17 - 173. Suppose -w + 19 = 2*b, -3*w - 4*b = b - m. What is the greatest common factor of w and 36?
9
Let o be 118/(-8) - 1/4. Let p = 22 + o. Suppose 0 = k - 1, 2*i + k = -8 + 37. Calculate the highest common factor of i and p.
7
Let v be (2*(-30)/(-2))/((-609)/(-5684)). What is the highest common factor of 175 and v?
35
Let c be 17 + 2 + -3 + -3. Suppose -f + 84 = -5*r, 179 = 2*f - 4*r - c. What is the greatest common divisor of f and 8?
8
Suppose 5*x - 308 + 113 = 0. Let b be -2*4/((-8)/x). Let v be 39/((-50)/(-75)*3/2). Calculate the highest common factor of b and v.
39
Let q be 3*(-10848)/(-75) + (-28)/(-350). Calculate the greatest common factor of q and 28.
14
Let p be -1 + 5/(5/7). Calculate the greatest common divisor of 6 and p.
6
Let d be (-2 + 11)*(-15 - -22). What is the greatest common divisor of 117 and d?
9
Let q = 0 - 4. Let t = q + -1. Let c = t - -17. Calculate the greatest common factor of 60 and c.
12
Let d(o) = 7*o**2 - 14*o. Let b be d(7). Suppose 145 + b = 5*u. Calculate the greatest common divisor of 26 and u.
26
Suppose -12*f + 12 = -16*f. Let q = 9 + f. What is the highest common divisor of q and 6?
6
Suppose 3*r - 89 = 2*j + 879, 4*r = 5*j + 1300. What is the highest common factor of r and 192?
64
Suppose 0*a + a - 3*t = -1, -2*a + 2*t + 10 = 0. Let y(l) = -3*l + 20. Let c = -37 - -25. Let u be y(c). What is the greatest common divisor of a and u?
8
Suppose -2*g - 3*u - 90 - 120 = 0, -4*u - 115 = g. Let a = g - -107. Calculate the highest common divisor of 32 and a.
8
Suppose 3*s - 71 = -2*k, 4*s + 0*k = -2*k + 92. What is the highest common divisor of 105 and s?
21
Suppose 0*v = -3*v + 9. Suppose 3*o - 26 = -v*n + 76, n = 2*o + 40. Let d = -16 + n. Calculate the highest common divisor of d and 30.
10
Let u(w) = w**2 + 8*w + 2. Let c be u(5). Calculate the highest common factor of 1 and c.
1
Suppose -w = -4 + 2. Suppose -6 = u - 2*u + k, -u - w = 3*k. Suppose -u*z + 6 = -14. What is the highest common factor of 5 and z?
5
Let d(x) = 2*x + 12. Let r be d(-5). Let t = 9 - r. Calculate the greatest common divisor of 28 and t.
7
Let i be -9 + 0 + 527/31. What is the greatest common factor of 248 and i?
8
Let z = -76 + 34. Let v = -8 - z. Calculate the highest common divisor of 68 and v.
34
Suppose 0 = 4*a - 523 + 147. Suppose -a = -h - h. Suppose -5*p + 3*g = -3*p - h, 3*g - 1 = -p. What is the highest common divisor of 24 and p?
8
Let v(f) = f**2 + 2*f + 2. Let q be v(-3). Suppose 4*n - 2*z = 40, -2*n + z - 5*z = -10. Suppose -64 = q*r - n*r. What is the highest common factor of r and 16?
16
Suppose 6*c = 14*c - 240. Calculate the greatest common factor of c and 75.
15
Suppose -4*f + 420 = -2*l, 0 = 2*f + 4*l + 36 - 236. What is the greatest common divisor of f and 286?
26
Let c(d) = 3*d**2 - 62*d + 48. Let m be c(21). Calculate the highest common divisor of 529 and m.
23
Let a = -7 + 9. Suppose i = -0*i + a. Let y be 4*(-3 - (-3 - i)). Calculate the highest common divisor of y and 4.
4
Let o be (70/14 + 10/(-3))*117. What is the highest common factor of 65 and o?
65
Suppose 3*j + 4 = 1. Let r = 7 + j. Let w be 10 - (r + -4 - 3). Calculate the highest common divisor of w and 121.
11
Suppose -3*l + 0*u = u - 2738, 2*l - 1832 = -4*u. What is the highest common factor of l and 114?
114
Suppose -3*i = -2 + 8. Let t be (2/i)/(7/854). Let p = -65 - t. Calculate the greatest common factor of 38 and p.
19
Let w be (-2)/(-6)*30 - -4. What is the greatest common divisor of 1582 and w?
14
Let a(k) be the first derivative of k**2 - 11*k + 31. Let s be a(8). Calculate the greatest common divisor of 5 and s.
5
Let s(p) = -p**3 + 3*p**2 + 5*p - 4. Let g be s(3). Let w(q) = -2*q + 3. Let f be w(-3). Let y = 2 + f. What is the highest common factor of y and g?
11
Suppose -5*n = -8*n - 9. Suppose 6*p - 2*p = 2*u - 8, -4*u + 5*p + 25 = 0. Let s be u + n*2/3. What is the greatest common factor of s and 40?
8
Let d(o) = -30*o - 1243. Let m be d(-42). What is the highest common factor of 3825 and m?
17
Suppose 0*k + 4 = k. Suppose 1713 = 3*b - k*d, -d + 717 = 5*b - 2161. Suppose -4*f + 9*f - b = 0. Calculate the highest common divisor of f and 23.
23
Suppose 9*n - 13*n = -12. What is the highest common factor of n and 51?
3
Let t(m) = -m + 14. Let o(p) = -1. Let y(g) = -4*o(g) + t(g). Let w be y(13). Calculate the greatest common factor of 20 and w.
5
Let v = 5 + -2. Suppose 4*m - v*r = 205, 41 = m - 2*r - 14. Suppose 26*s = -512 + 694. Calculate the greatest common divisor of s and m.
7
Let w = -7 + 9. Let t be (-50)/(0/(-1) - w). Let r = t + -7. What is the greatest common factor of 54 and r?
18
Suppose 2*n + 6 + 11 = -5*r, n = 2*r + 5. Let t be (-1)/r - (-35)/21. Let z be (t + 0/(-1))*5. What is the highest common divisor of z and 20?
10
Suppose 18 = 8*t + 2. Let h be 187 + (4 - 4)/t. Calculate the greatest common factor of 17 and h.
17
Let l = 71 + 9. Let s be (1 + -1 - 20)*(-140)/l. Calculate the greatest common factor of 7 and s.
7
Let j be (155/(-2))/((-5)/10). Let a = j - 5. What is the highest common factor of a and 30?
30
Suppose 3*b - 2*b = 108. Suppose 5*p - 54 = -4*p. Suppose -p*k = -63 - 9. Calculate the greatest common factor of k and b.
12
Suppose 9*k - 1 + 10 = 0. Let a be (-2)/1*(-4 + k). Calculate the highest common factor of a and 10.
10
Let o(c) = 39*c**2 + c. Let d = 5 + -4. Let m be o(d). Let i = m + -23. Calculate the highest common divisor of i and 85.
17
Let f(m) = -496*m - 47. Let w be f(-2). Calculate the greatest common divisor of 45 and w.
45
Let r be 2/8*(-132)/(-11). Suppose -2*q + 536 = 3*c, -r*c + 2*c + 178 = q. What is the highest common divisor of 20 and c?
20
Let t(g) = 5*g - 16. Let u be 5*2*16/32. Let y be t(u). Calculate the highest common divisor of 153 and y.
9
Suppose 8*q - 120 = -7*q. Let c(b) = -b + 6. Let i be c(-2). Calculate the highest common factor of i and q.
8
Suppose 0 = -0*i - 2*i + 6. Suppose 27 + 0 = 3*l - i*p, 5*l + 4*p - 36 = 0. Let r be 16/(105/33 - 3). Calculate the greatest common factor of r and l.
8
Let q be 10/(-8) + (-2896)/(-64). Calculate the highest common factor of q and 1188.
44
Let w(p) = p**2 + 20*p + 21. Let x be w(-18). Let q be 10/x*-3*(-9)/(-2). Let o = 127 - 64. What is the highest common factor of o and q?
9
Let b be (-6)/90*-10 + 560/15. What is the greatest common divisor of b and 361?
19
Let w(u) be the second derivative of -u**4/12 - 2*u**3 - 8*u**2 - 15*u. Let v be w(-8). Calculate the greatest common factor of v and 2.
2
Suppose 3*r - 1310 = -5*q, 4*r - 9*r + 25 = 0. What is the greatest common divisor of q and 7?
7
Let h = -4 + 3. Let b = -4 - h. Let g = b + 14. Calculate the highest common divisor of 77 and g.
11
Let d(c) = c**2 + 10. Let v = -5 - -5. Let x be d(v). Let k be 4/x - 304/(-40). Calculate the greatest common factor of 16 and k.
8
Let c be -4*(-5 + 11/2) - -34. What is the greatest common divisor of c and 128?
32
Let s be (2/(-4))/(-1*4/(-72)). Let q be 3/s + 44/6. Let u be (-922)/(-12) + (-13)/(-78). What is the highest common factor of u and q?
7
Let n(y) = 3*y. Let z(k) = -k**2 + 1. Let i = -6 + 6. Let f be z(i). Let a be n(f). Calculate the highest common factor of 6 and a.
3
Suppose -3*t - 5*k + 3*k = -248, -4*t + 2*k = -312. Let u = 125 + -93. Calculate the greatest common divisor of t and u.
16
Let t(w) = -w**3 - 15*w + 850. Let n be t(0). What is the greatest common factor of n and 50?
50
Suppose 169*o + 1882 = 5093. Let z(h) = -322*h + 1. Let j be z(-1). Calculate the greatest common factor of o and j.
19
Suppose -3*q - 24 = -7*q, 3*q - 15 = 3*w. Let p(i) = -i + 6. Let h be p(5). What is the greatest common divisor of h and w?
1
Let r = -6 + -9. Let w = -12 - r. What is the greatest common divisor of 24 and w?
3
Suppose -14*g = -374 - 424. What is the highest common factor of 38 and g?
19
Let p(x) = -x**3 + 9*x**2 + 7*x + 16. Let o be p(10). Let c be o/3*6/(-4). Calculate t